[INFO] cloning repository https://github.com/antoyo/titanium
[INFO] running `Command { std: "git" "-c" "credential.helper=" "-c" "credential.helper=/workspace/cargo-home/bin/git-credential-null" "clone" "--bare" "https://github.com/antoyo/titanium" "/workspace/cache/git-repos/https%3A%2F%2Fgithub.com%2Fantoyo%2Ftitanium", kill_on_drop: false }`
[INFO] [stderr] Cloning into bare repository '/workspace/cache/git-repos/https%3A%2F%2Fgithub.com%2Fantoyo%2Ftitanium'...
[INFO] running `Command { std: "git" "rev-parse" "HEAD", kill_on_drop: false }`
[INFO] [stdout] b3053916f9a56e0bf11785d43ede67c7b6dc7287
[INFO] checking antoyo/titanium against try#72f88fc4e9458f89516a0b8b0868f3718aec5b47 for pr-74989
[INFO] running `Command { std: "git" "clone" "/workspace/cache/git-repos/https%3A%2F%2Fgithub.com%2Fantoyo%2Ftitanium" "/workspace/builds/worker-4/source", kill_on_drop: false }`
[INFO] [stderr] Cloning into '/workspace/builds/worker-4/source'...
[INFO] [stderr] done.
[INFO] validating manifest of git repo https://github.com/antoyo/titanium on toolchain 72f88fc4e9458f89516a0b8b0868f3718aec5b47
[INFO] running `Command { std: "/workspace/cargo-home/bin/cargo" "+72f88fc4e9458f89516a0b8b0868f3718aec5b47" "read-manifest" "--manifest-path" "Cargo.toml", kill_on_drop: false }`
[INFO] started tweaking git repo https://github.com/antoyo/titanium
[INFO] removed path dependency titanium-common from git repo https://github.com/antoyo/titanium
[INFO] finished tweaking git repo https://github.com/antoyo/titanium
[INFO] tweaked toml for git repo https://github.com/antoyo/titanium written to /workspace/builds/worker-4/source/Cargo.toml
[INFO] crate git repo https://github.com/antoyo/titanium already has a lockfile, it will not be regenerated
[INFO] running `Command { std: "/workspace/cargo-home/bin/cargo" "+72f88fc4e9458f89516a0b8b0868f3718aec5b47" "fetch" "--locked" "--manifest-path" "Cargo.toml", kill_on_drop: false }`
[INFO] [stderr]     Updating crates.io index
[INFO] [stderr] error: the lock file /workspace/builds/worker-4/source/Cargo.lock needs to be updated but --locked was passed to prevent this
[INFO] [stderr] If you want to try to generate the lock file without accessing the network, use the --offline flag.
[INFO] the lockfile is outdated, regenerating it
[INFO] running `Command { std: "/workspace/cargo-home/bin/cargo" "+72f88fc4e9458f89516a0b8b0868f3718aec5b47" "generate-lockfile" "--manifest-path" "Cargo.toml" "-Zno-index-update", kill_on_drop: false }`
[INFO] [stderr]     Blocking waiting for file lock on package cache
[INFO] running `Command { std: "/workspace/cargo-home/bin/cargo" "+72f88fc4e9458f89516a0b8b0868f3718aec5b47" "fetch" "--locked" "--manifest-path" "Cargo.toml", kill_on_drop: false }`
[INFO] [stderr]     Blocking waiting for file lock on package cache
[INFO] [stderr]  Downloading crates ...
[INFO] [stderr]   Downloaded bzip2 v0.3.3
[INFO] [stderr]   Downloaded fallible-streaming-iterator v0.1.9
[INFO] [stderr]   Downloaded open v1.4.0
[INFO] [stderr]   Downloaded javascriptcore-rs-sys v0.2.0
[INFO] [stderr]   Downloaded zip v0.3.3
[INFO] [stderr]   Downloaded msdos_time v0.1.6
[INFO] [stderr]   Downloaded libxdo v0.6.0
[INFO] [stderr]   Downloaded gtk-sys v0.10.0
[INFO] [stderr]   Downloaded webkit2gtk v0.10.0
[INFO] [stderr]   Downloaded mg v0.13.1
[INFO] [stderr]   Downloaded atk v0.9.0
[INFO] [stderr]   Downloaded titanium-common v0.1.0
[INFO] [stderr]   Downloaded glib v0.10.2
[INFO] [stderr]   Downloaded gtk v0.9.2
[INFO] [stderr]   Downloaded gio v0.9.1
[INFO] [stderr]   Downloaded gumdrop_derive v0.4.1
[INFO] [stderr]   Downloaded gumdrop v0.4.0
[INFO] [stderr]   Downloaded rusqlite v0.20.0
[INFO] [stderr]   Downloaded json v0.11.15
[INFO] [stderr]   Downloaded pango v0.9.1
[INFO] [stderr]   Downloaded log-panics v2.0.0
[INFO] [stderr]   Downloaded mg-settings v0.4.3
[INFO] [stderr]   Downloaded password-store v0.4.0
[INFO] [stderr]   Downloaded mg-settings-macros v0.4.2
[INFO] [stderr]   Downloaded gdk-pixbuf v0.9.0
[INFO] [stderr]   Downloaded syslog v4.0.1
[INFO] [stderr]   Downloaded gdk-sys v0.10.0
[INFO] [stderr]   Downloaded relm v0.20.0
[INFO] [stderr]   Downloaded javascriptcore-rs v0.10.0
[INFO] [stderr]   Downloaded gobject-sys v0.10.0
[INFO] [stderr]   Downloaded podio v0.1.7
[INFO] [stderr]   Downloaded cairo-rs v0.9.1
[INFO] [stderr]   Downloaded glib-sys v0.10.0
[INFO] [stderr]   Downloaded webkit2gtk-sys v0.12.0
[INFO] [stderr]   Downloaded soup-sys v0.10.0
[INFO] [stderr]   Downloaded proc-macro-crate v0.1.5
[INFO] [stderr]   Downloaded libsqlite3-sys v0.16.0
[INFO] [stderr]   Downloaded libxdo-sys v0.11.0
[INFO] [stderr]   Downloaded gdk-pixbuf-sys v0.10.0
[INFO] [stderr]   Downloaded pango-sys v0.10.0
[INFO] [stderr]   Downloaded gio-sys v0.10.0
[INFO] [stderr]   Downloaded atk-sys v0.10.0
[INFO] [stderr]   Downloaded system-deps v1.3.2
[INFO] [stderr]   Downloaded relm-derive v0.20.0
[INFO] [stderr]   Downloaded cairo-sys-rs v0.10.0
[INFO] [stderr]   Downloaded glib-macros v0.10.1
[INFO] [stderr]   Downloaded gdk v0.13.2
[INFO] running `Command { std: "docker" "create" "-v" "/var/lib/crater-agent-workspace/builds/worker-4/target:/opt/rustwide/target:rw,Z" "-v" "/var/lib/crater-agent-workspace/builds/worker-4/source:/opt/rustwide/workdir:ro,Z" "-v" "/var/lib/crater-agent-workspace/cargo-home:/opt/rustwide/cargo-home:ro,Z" "-v" "/var/lib/crater-agent-workspace/rustup-home:/opt/rustwide/rustup-home:ro,Z" "-e" "SOURCE_DIR=/opt/rustwide/workdir" "-e" "CARGO_TARGET_DIR=/opt/rustwide/target" "-e" "CARGO_HOME=/opt/rustwide/cargo-home" "-e" "RUSTUP_HOME=/opt/rustwide/rustup-home" "-w" "/opt/rustwide/workdir" "-m" "1610612736" "--user" "0:0" "--network" "none" "rustops/crates-build-env@sha256:d92eaeed33fa75130ca1ee6c8a01d1ffb62bac859dfdfb3450e3e5d1c0146529" "/opt/rustwide/cargo-home/bin/cargo" "+72f88fc4e9458f89516a0b8b0868f3718aec5b47" "metadata" "--no-deps" "--format-version=1", kill_on_drop: false }`
[INFO] [stdout] 9d94ffc9e124a138921fd36cbe265d855fe3c3a7a3e7b50afa6e6423fdfd50b8
[INFO] [stderr] WARNING: Your kernel does not support swap limit capabilities or the cgroup is not mounted. Memory limited without swap.
[INFO] running `Command { std: "docker" "start" "-a" "9d94ffc9e124a138921fd36cbe265d855fe3c3a7a3e7b50afa6e6423fdfd50b8", kill_on_drop: false }`
[INFO] running `Command { std: "docker" "inspect" "9d94ffc9e124a138921fd36cbe265d855fe3c3a7a3e7b50afa6e6423fdfd50b8", kill_on_drop: false }`
[INFO] running `Command { std: "docker" "rm" "-f" "9d94ffc9e124a138921fd36cbe265d855fe3c3a7a3e7b50afa6e6423fdfd50b8", kill_on_drop: false }`
[INFO] [stdout] 9d94ffc9e124a138921fd36cbe265d855fe3c3a7a3e7b50afa6e6423fdfd50b8
[INFO] running `Command { std: "docker" "create" "-v" "/var/lib/crater-agent-workspace/builds/worker-4/target:/opt/rustwide/target:rw,Z" "-v" "/var/lib/crater-agent-workspace/builds/worker-4/source:/opt/rustwide/workdir:ro,Z" "-v" "/var/lib/crater-agent-workspace/cargo-home:/opt/rustwide/cargo-home:ro,Z" "-v" "/var/lib/crater-agent-workspace/rustup-home:/opt/rustwide/rustup-home:ro,Z" "-e" "SOURCE_DIR=/opt/rustwide/workdir" "-e" "CARGO_TARGET_DIR=/opt/rustwide/target" "-e" "CARGO_INCREMENTAL=0" "-e" "RUST_BACKTRACE=full" "-e" "RUSTFLAGS=--cap-lints=forbid" "-e" "CARGO_HOME=/opt/rustwide/cargo-home" "-e" "RUSTUP_HOME=/opt/rustwide/rustup-home" "-w" "/opt/rustwide/workdir" "-m" "1610612736" "--user" "0:0" "--network" "none" "rustops/crates-build-env@sha256:d92eaeed33fa75130ca1ee6c8a01d1ffb62bac859dfdfb3450e3e5d1c0146529" "/opt/rustwide/cargo-home/bin/cargo" "+72f88fc4e9458f89516a0b8b0868f3718aec5b47" "check" "--frozen" "--all" "--all-targets" "--message-format=json", kill_on_drop: false }`
[INFO] [stdout] 32d1ae2269d83d012a4fed2aaf9724396f5f07fa86907d31d505d4929424381f
[INFO] [stderr] WARNING: Your kernel does not support swap limit capabilities or the cgroup is not mounted. Memory limited without swap.
[INFO] running `Command { std: "docker" "start" "-a" "32d1ae2269d83d012a4fed2aaf9724396f5f07fa86907d31d505d4929424381f", kill_on_drop: false }`
[INFO] [stderr]    Compiling proc-macro2 v1.0.21
[INFO] [stderr]    Compiling syn v1.0.40
[INFO] [stderr]     Checking cfg-if v0.1.10
[INFO] [stderr]     Checking slab v0.4.2
[INFO] [stderr]    Compiling unicode-xid v0.1.0
[INFO] [stderr]    Compiling gio v0.9.1
[INFO] [stderr]    Compiling cairo-rs v0.9.1
[INFO] [stderr]     Checking adler v0.2.3
[INFO] [stderr]    Compiling syn v0.15.44
[INFO] [stderr]    Compiling gdk v0.13.2
[INFO] [stderr]     Checking gimli v0.22.0
[INFO] [stderr]     Checking object v0.20.0
[INFO] [stderr]     Checking matches v0.1.8
[INFO] [stderr]    Compiling serde_derive v1.0.116
[INFO] [stderr]    Compiling libxdo-sys v0.11.0
[INFO] [stderr]     Checking json v0.11.15
[INFO] [stderr]     Checking fallible-streaming-iterator v0.1.9
[INFO] [stderr]     Checking podio v0.1.7
[INFO] [stderr]     Checking open v1.4.0
[INFO] [stderr]    Compiling gtk v0.9.2
[INFO] [stderr]    Compiling libsqlite3-sys v0.16.0
[INFO] [stderr]    Compiling webkit2gtk-sys v0.12.0
[INFO] [stderr]    Compiling x11 v2.18.2
[INFO] [stderr]    Compiling miniz_oxide v0.4.2
[INFO] [stderr]    Compiling proc-macro-error-attr v1.0.4
[INFO] [stderr]    Compiling proc-macro-error v1.0.4
[INFO] [stderr]     Checking futures-channel v0.3.5
[INFO] [stderr]    Compiling bzip2-sys v0.1.9+1.0.8
[INFO] [stderr]     Checking unicode-bidi v0.3.4
[INFO] [stderr]    Compiling proc-macro2 v0.3.8
[INFO] [stderr]    Compiling serde v1.0.116
[INFO] [stderr]     Checking log v0.4.11
[INFO] [stderr]     Checking proc-macro2 v0.4.30
[INFO] [stderr]     Checking crc32fast v1.2.0
[INFO] [stderr]     Checking getrandom v0.1.15
[INFO] [stderr]     Checking javascriptcore-rs-sys v0.2.0
[INFO] [stderr]     Checking dirs v1.0.5
[INFO] [stderr]    Compiling atty v0.2.14
[INFO] [stderr]    Compiling aho-corasick v0.7.13
[INFO] [stderr]     Checking password-store v0.4.0
[INFO] [stderr]     Checking msdos_time v0.1.6
[INFO] [stderr]     Checking idna v0.1.5
[INFO] [stderr]     Checking num-integer v0.1.43
[INFO] [stderr]     Checking number_prefix v0.2.8
[INFO] [stderr]     Checking term v0.5.2
[INFO] [stderr]     Checking rand_core v0.5.1
[INFO] [stderr]     Checking quote v0.6.13
[INFO] [stderr]     Checking rusqlite v0.20.0
[INFO] [stderr]    Compiling quote v0.5.2
[INFO] [stderr]     Checking chrono v0.4.15
[INFO] [stderr]     Checking rand_chacha v0.2.2
[INFO] [stderr]     Checking url v1.7.2
[INFO] [stderr]     Checking flate2 v1.0.17
[INFO] [stderr]    Compiling syn v0.13.11
[INFO] [stderr]    Compiling quote v1.0.7
[INFO] [stderr]     Checking rand v0.7.3
[INFO] [stderr]     Checking bzip2 v0.3.3
[INFO] [stderr]    Compiling regex v1.3.9
[INFO] [stderr]     Checking zip v0.3.3
[INFO] [stderr]     Checking simplelog v0.5.3
[INFO] [stderr]     Checking tempfile v3.1.0
[INFO] [stderr]     Checking addr2line v0.13.0
[INFO] [stderr]     Checking libxdo v0.6.0
[INFO] [stderr]     Checking backtrace v0.3.50
[INFO] [stderr]    Compiling env_logger v0.5.13
[INFO] [stderr]     Checking error-chain v0.11.0
[INFO] [stderr]     Checking log-panics v2.0.0
[INFO] [stderr]     Checking syslog v4.0.1
[INFO] [stderr]    Compiling toml v0.5.6
[INFO] [stderr]    Compiling mg-settings-macros v0.4.2
[INFO] [stderr]    Compiling gumdrop_derive v0.4.1
[INFO] [stderr]    Compiling proc-macro-crate v0.1.5
[INFO] [stderr]     Checking gumdrop v0.4.0
[INFO] [stderr]     Checking mg-settings v0.4.3
[INFO] [stderr]    Compiling thiserror-impl v1.0.20
[INFO] [stderr]    Compiling strum_macros v0.18.0
[INFO] [stderr]    Compiling pin-project-internal v0.4.23
[INFO] [stderr]    Compiling futures-macro v0.3.5
[INFO] [stderr]    Compiling glib-macros v0.10.1
[INFO] [stderr]    Compiling relm-derive v0.20.0
[INFO] [stderr]    Compiling thiserror v1.0.20
[INFO] [stderr]    Compiling system-deps v1.3.2
[INFO] [stderr]     Checking pin-project v0.4.23
[INFO] [stderr]     Checking futures-util v0.3.5
[INFO] [stderr]    Compiling glib-sys v0.10.0
[INFO] [stderr]    Compiling gobject-sys v0.10.0
[INFO] [stderr]    Compiling gio-sys v0.10.0
[INFO] [stderr]    Compiling cairo-sys-rs v0.10.0
[INFO] [stderr]    Compiling gdk-pixbuf-sys v0.10.0
[INFO] [stderr]    Compiling pango-sys v0.10.0
[INFO] [stderr]    Compiling atk-sys v0.10.0
[INFO] [stderr]    Compiling gdk-sys v0.10.0
[INFO] [stderr]    Compiling gtk-sys v0.10.0
[INFO] [stderr]    Compiling soup-sys v0.10.0
[INFO] [stderr]    Compiling atk v0.9.0
[INFO] [stderr]    Compiling pango v0.9.1
[INFO] [stderr]    Compiling gdk-pixbuf v0.9.0
[INFO] [stderr]     Checking titanium-common v0.1.0
[INFO] [stderr]     Checking futures-executor v0.3.5
[INFO] [stderr]     Checking glib v0.10.2
[INFO] [stderr]     Checking futures v0.3.5
[INFO] [stderr]     Checking javascriptcore-rs v0.10.0
[INFO] [stderr]     Checking relm v0.20.0
[INFO] [stderr]     Checking webkit2gtk v0.10.0
[INFO] [stderr]     Checking mg v0.13.1
[INFO] [stderr]     Checking titanium v0.1.1 (/opt/rustwide/workdir)
[INFO] [stdout] error[E0432]: unresolved import `titanium_common::FollowMode`
[INFO] [stdout]   --> src/app/copy_paste.rs:27:5
[INFO] [stdout]    |
[INFO] [stdout] 27 | use titanium_common::FollowMode;
[INFO] [stdout]    |     ^^^^^^^^^^^^^^^^^^^^^^^^^^^ no `FollowMode` in the root
[INFO] [stdout] 
[INFO] [stdout] 
[INFO] [stdout] error[E0432]: unresolved imports `titanium_common::Action::CopyLink`, `titanium_common::Action::DownloadLink`
[INFO] [stdout]   --> src/app/hints.rs:32:5
[INFO] [stdout]    |
[INFO] [stdout] 32 |     CopyLink,
[INFO] [stdout]    |     ^^^^^^^^ no `CopyLink` in `Action`
[INFO] [stdout] 33 |     DownloadLink,
[INFO] [stdout]    |     ^^^^^^^^^^^^ no `DownloadLink` in `Action`
[INFO] [stdout] 
[INFO] [stdout] 
[INFO] [stdout] error[E0432]: unresolved import `titanium_common::FollowMode`
[INFO] [stdout]   --> src/app/url.rs:24:5
[INFO] [stdout]    |
[INFO] [stdout] 24 | use titanium_common::FollowMode;
[INFO] [stdout]    |     ^^^^^^^^^^^^^^^^^^^^^^^^^^^ no `FollowMode` in the root
[INFO] [stdout] 
[INFO] [stdout] 
[INFO] [stdout] error[E0432]: unresolved imports `titanium_common::FollowMode`, `titanium_common::LAST_MARK`
[INFO] [stdout]    --> src/app/mod.rs:105:23
[INFO] [stdout]     |
[INFO] [stdout] 105 | use titanium_common::{FollowMode, InnerMessage, PageId, LAST_MARK};
[INFO] [stdout]     |                       ^^^^^^^^^^                        ^^^^^^^^^ no `LAST_MARK` in the root
[INFO] [stdout]     |                       |
[INFO] [stdout]     |                       no `FollowMode` in the root
[INFO] [stdout] 
[INFO] [stdout] 
[INFO] [stdout] error[E0432]: unresolved import `titanium_common::SOCKET_NAME`
[INFO] [stdout]   --> src/message_server.rs:62:67
[INFO] [stdout]    |
[INFO] [stdout] 62 | use titanium_common::{ExtensionId, InnerMessage, Message, PageId, SOCKET_NAME};
[INFO] [stdout]    |                                                                   ^^^^^^^^^^^ no `SOCKET_NAME` in the root
[INFO] [stdout] 
[INFO] [stdout] 
[INFO] [stdout] error[E0433]: failed to resolve: could not find `protocol` in `titanium_common`
[INFO] [stdout]   --> src/message_server.rs:70:22
[INFO] [stdout]    |
[INFO] [stdout] 70 | use titanium_common::protocol::Msg::{MsgRead, WriteMsg};
[INFO] [stdout]    |                      ^^^^^^^^ could not find `protocol` in `titanium_common`
[INFO] [stdout] 
[INFO] [stdout] 
[INFO] [stdout] error[E0432]: unresolved imports `titanium_common::protocol`, `titanium_common::protocol`
[INFO] [stdout]   --> src/message_server.rs:64:22
[INFO] [stdout]    |
[INFO] [stdout] 64 | use titanium_common::protocol::{
[INFO] [stdout]    |                      ^^^^^^^^ could not find `protocol` in `titanium_common`
[INFO] [stdout] 65 |     self,
[INFO] [stdout]    |     ^^^^ no `protocol` in the root
[INFO] [stdout] 
[INFO] [stdout] 
[INFO] [stdout] error[E0432]: unresolved import `titanium_common::FollowMode`
[INFO] [stdout]   --> src/app/copy_paste.rs:27:5
[INFO] [stdout]    |
[INFO] [stdout] 27 | use titanium_common::FollowMode;
[INFO] [stdout]    |     ^^^^^^^^^^^^^^^^^^^^^^^^^^^ no `FollowMode` in the root
[INFO] [stdout] 
[INFO] [stdout] 
[INFO] [stdout] error[E0432]: unresolved imports `titanium_common::Action::CopyLink`, `titanium_common::Action::DownloadLink`
[INFO] [stdout]   --> src/app/hints.rs:32:5
[INFO] [stdout]    |
[INFO] [stdout] 32 |     CopyLink,
[INFO] [stdout]    |     ^^^^^^^^ no `CopyLink` in `Action`
[INFO] [stdout] 33 |     DownloadLink,
[INFO] [stdout]    |     ^^^^^^^^^^^^ no `DownloadLink` in `Action`
[INFO] [stdout] 
[INFO] [stdout] 
[INFO] [stdout] error[E0432]: unresolved import `titanium_common::FollowMode`
[INFO] [stdout]   --> src/app/url.rs:24:5
[INFO] [stdout]    |
[INFO] [stdout] 24 | use titanium_common::FollowMode;
[INFO] [stdout]    |     ^^^^^^^^^^^^^^^^^^^^^^^^^^^ no `FollowMode` in the root
[INFO] [stdout] 
[INFO] [stdout] 
[INFO] [stdout] error[E0432]: unresolved imports `titanium_common::FollowMode`, `titanium_common::LAST_MARK`
[INFO] [stdout]    --> src/app/mod.rs:105:23
[INFO] [stdout]     |
[INFO] [stdout] 105 | use titanium_common::{FollowMode, InnerMessage, PageId, LAST_MARK};
[INFO] [stdout]     |                       ^^^^^^^^^^                        ^^^^^^^^^ no `LAST_MARK` in the root
[INFO] [stdout]     |                       |
[INFO] [stdout]     |                       no `FollowMode` in the root
[INFO] [stdout] 
[INFO] [stdout] 
[INFO] [stdout] error[E0432]: unresolved import `titanium_common::SOCKET_NAME`
[INFO] [stdout]   --> src/message_server.rs:62:67
[INFO] [stdout]    |
[INFO] [stdout] 62 | use titanium_common::{ExtensionId, InnerMessage, Message, PageId, SOCKET_NAME};
[INFO] [stdout]    |                                                                   ^^^^^^^^^^^ no `SOCKET_NAME` in the root
[INFO] [stdout] 
[INFO] [stdout] 
[INFO] [stdout] error[E0433]: failed to resolve: could not find `protocol` in `titanium_common`
[INFO] [stdout]   --> src/message_server.rs:70:22
[INFO] [stdout]    |
[INFO] [stdout] 70 | use titanium_common::protocol::Msg::{MsgRead, WriteMsg};
[INFO] [stdout]    |                      ^^^^^^^^ could not find `protocol` in `titanium_common`
[INFO] [stdout] 
[INFO] [stdout] 
[INFO] [stdout] error[E0432]: unresolved imports `titanium_common::protocol`, `titanium_common::protocol`
[INFO] [stdout]   --> src/message_server.rs:64:22
[INFO] [stdout]    |
[INFO] [stdout] 64 | use titanium_common::protocol::{
[INFO] [stdout]    |                      ^^^^^^^^ could not find `protocol` in `titanium_common`
[INFO] [stdout] 65 |     self,
[INFO] [stdout]    |     ^^^^ no `protocol` in the root
[INFO] [stdout] 
[INFO] [stdout] 
[INFO] [stdout] error[E0425]: cannot find function, tuple struct or tuple variant `ScrollToPercent` in this scope
[INFO] [stdout]    --> src/app/server.rs:100:26
[INFO] [stdout]     |
[INFO] [stdout] 100 |         self.server_send(ScrollToPercent(percent.unwrap_or(100)));
[INFO] [stdout]     |                          ^^^^^^^^^^^^^^^ help: a tuple variant with a similar name exists: `ScrollPercentage`
[INFO] [stdout]     | 
[INFO] [stdout]    ::: /opt/rustwide/cargo-home/registry/src/github.com-1ecc6299db9ec823/titanium-common-0.1.0/src/lib.rs:111:5
[INFO] [stdout]     |
[INFO] [stdout] 111 |     ScrollPercentage(Percentage),
[INFO] [stdout]     |     ---------------------------- similarly named tuple variant `ScrollPercentage` defined here
[INFO] [stdout] 
[INFO] [stdout] 
[INFO] [stdout] error[E0425]: cannot find function, tuple struct or tuple variant `ScrollToPercent` in this scope
[INFO] [stdout]    --> src/app/server.rs:100:26
[INFO] [stdout]     |
[INFO] [stdout] 100 |         self.server_send(ScrollToPercent(percent.unwrap_or(100)));
[INFO] [stdout]     |                          ^^^^^^^^^^^^^^^ help: a tuple variant with a similar name exists: `ScrollPercentage`
[INFO] [stdout]     | 
[INFO] [stdout]    ::: /opt/rustwide/cargo-home/registry/src/github.com-1ecc6299db9ec823/titanium-common-0.1.0/src/lib.rs:111:5
[INFO] [stdout]     |
[INFO] [stdout] 111 |     ScrollPercentage(Percentage),
[INFO] [stdout]     |     ---------------------------- similarly named tuple variant `ScrollPercentage` defined here
[INFO] [stdout] 
[INFO] [stdout] 
[INFO] [stdout] error[E0531]: cannot find tuple struct or tuple variant `MsgRead` in this scope
[INFO] [stdout]    --> src/message_server.rs:205:42
[INFO] [stdout]     |
[INFO] [stdout] 136 |     MsgRecv(usize, Message),
[INFO] [stdout]     |     ----------------------- similarly named tuple variant `MsgRecv` defined here
[INFO] [stdout] ...
[INFO] [stdout] 205 |                 connect_stream!(protocol@MsgRead(ref msg), self.model.relm.stream(), MsgRecv(counter, msg.clone()));
[INFO] [stdout]     |                                          ^^^^^^^ help: a tuple variant with a similar name exists: `MsgRecv`
[INFO] [stdout] 
[INFO] [stdout] 
[INFO] [stdout] error[E0425]: cannot find function, tuple struct or tuple variant `WriteMsg` in this scope
[INFO] [stdout]    --> src/message_server.rs:398:35
[INFO] [stdout]     |
[INFO] [stdout] 398 |                     protocol.emit(WriteMsg(Message(page_id, message)));
[INFO] [stdout]     |                                   ^^^^^^^^ not found in this scope
[INFO] [stdout] 
[INFO] [stdout] 
[INFO] [stdout] error[E0531]: cannot find tuple struct or tuple variant `MsgRead` in this scope
[INFO] [stdout]    --> src/message_server.rs:205:42
[INFO] [stdout]     |
[INFO] [stdout] 136 |     MsgRecv(usize, Message),
[INFO] [stdout]     |     ----------------------- similarly named tuple variant `MsgRecv` defined here
[INFO] [stdout] ...
[INFO] [stdout] 205 |                 connect_stream!(protocol@MsgRead(ref msg), self.model.relm.stream(), MsgRecv(counter, msg.clone()));
[INFO] [stdout]     |                                          ^^^^^^^ help: a tuple variant with a similar name exists: `MsgRecv`
[INFO] [stdout] 
[INFO] [stdout] 
[INFO] [stdout] error[E0425]: cannot find function, tuple struct or tuple variant `WriteMsg` in this scope
[INFO] [stdout]    --> src/message_server.rs:398:35
[INFO] [stdout]     |
[INFO] [stdout] 398 |                     protocol.emit(WriteMsg(Message(page_id, message)));
[INFO] [stdout]     |                                   ^^^^^^^^ not found in this scope
[INFO] [stdout] 
[INFO] [stdout] 
[INFO] [stdout] warning: unused import: `std::char`
[INFO] [stdout]   --> src/app/hints.rs:24:5
[INFO] [stdout]    |
[INFO] [stdout] 24 | use std::char;
[INFO] [stdout]    |     ^^^^^^^^^
[INFO] [stdout]    |
[INFO] [stdout]    = note: `#[warn(unused_imports)]` on by default
[INFO] [stdout] 
[INFO] [stdout] 
[INFO] [stdout] warning: unused import: `DarkTheme`
[INFO] [stdout]   --> src/app/mod.rs:67:5
[INFO] [stdout]    |
[INFO] [stdout] 67 |     DarkTheme,
[INFO] [stdout]    |     ^^^^^^^^^
[INFO] [stdout] 
[INFO] [stdout] 
[INFO] [stdout] warning: unused import: `std::char`
[INFO] [stdout]   --> src/app/hints.rs:24:5
[INFO] [stdout]    |
[INFO] [stdout] 24 | use std::char;
[INFO] [stdout]    |     ^^^^^^^^^
[INFO] [stdout]    |
[INFO] [stdout]    = note: `#[warn(unused_imports)]` on by default
[INFO] [stdout] 
[INFO] [stdout] 
[INFO] [stdout] warning: unused import: `webkit2gtk::WebViewExt`
[INFO] [stdout]    --> src/app/pass_filler.rs:115:9
[INFO] [stdout]     |
[INFO] [stdout] 115 |     use webkit2gtk::WebViewExt;
[INFO] [stdout]     |         ^^^^^^^^^^^^^^^^^^^^^^
[INFO] [stdout] 
[INFO] [stdout] 
[INFO] [stdout] warning: unused import: `DarkTheme`
[INFO] [stdout]   --> src/app/mod.rs:67:5
[INFO] [stdout]    |
[INFO] [stdout] 67 |     DarkTheme,
[INFO] [stdout]    |     ^^^^^^^^^
[INFO] [stdout] 
[INFO] [stdout] 
[INFO] [stdout] warning: unnecessary qualification
[INFO] [stdout]    --> src/download_list_view.rs:113:9
[INFO] [stdout]     |
[INFO] [stdout] 113 |         gtk::FlowBox {
[INFO] [stdout]     |         ^^^^^^^^^^^^
[INFO] [stdout]     |
[INFO] [stdout] note: the lint level is defined here
[INFO] [stdout]    --> src/main.rs:370:5
[INFO] [stdout]     |
[INFO] [stdout] 370 |     unused_qualifications,
[INFO] [stdout]     |     ^^^^^^^^^^^^^^^^^^^^^
[INFO] [stdout] 
[INFO] [stdout] 
[INFO] [stdout] warning: unnecessary qualification
[INFO] [stdout]    --> src/download_list_view.rs:113:9
[INFO] [stdout]     |
[INFO] [stdout] 113 |         gtk::FlowBox {
[INFO] [stdout]     |         ^^^^^^^^^^^^
[INFO] [stdout] 
[INFO] [stdout] 
[INFO] [stdout] warning: unnecessary qualification
[INFO] [stdout]    --> src/download_list_view.rs:113:9
[INFO] [stdout]     |
[INFO] [stdout] 113 |         gtk::FlowBox {
[INFO] [stdout]     |         ^^^^^^^^^^^^
[INFO] [stdout]     |
[INFO] [stdout] note: the lint level is defined here
[INFO] [stdout]    --> src/main.rs:370:5
[INFO] [stdout]     |
[INFO] [stdout] 370 |     unused_qualifications,
[INFO] [stdout]     |     ^^^^^^^^^^^^^^^^^^^^^
[INFO] [stdout] 
[INFO] [stdout] 
[INFO] [stdout] warning: unnecessary qualification
[INFO] [stdout]    --> src/download_list_view.rs:113:9
[INFO] [stdout]     |
[INFO] [stdout] 113 |         gtk::FlowBox {
[INFO] [stdout]     |         ^^^^^^^^^^^^
[INFO] [stdout] 
[INFO] [stdout] 
[INFO] [stdout] warning: use of deprecated function `std::env::home_dir`: This function's behavior is unexpected and probably not what you want. Consider using a crate from crates.io instead.
[INFO] [stdout]   --> src/app/dialog.rs:24:16
[INFO] [stdout]    |
[INFO] [stdout] 24 | use std::env::{home_dir, temp_dir};
[INFO] [stdout]    |                ^^^^^^^^
[INFO] [stdout]    |
[INFO] [stdout]    = note: `#[warn(deprecated)]` on by default
[INFO] [stdout] 
[INFO] [stdout] 
[INFO] [stdout] warning: use of deprecated function `std::env::home_dir`: This function's behavior is unexpected and probably not what you want. Consider using a crate from crates.io instead.
[INFO] [stdout]   --> src/app/dialog.rs:24:16
[INFO] [stdout]    |
[INFO] [stdout] 24 | use std::env::{home_dir, temp_dir};
[INFO] [stdout]    |                ^^^^^^^^
[INFO] [stdout]    |
[INFO] [stdout]    = note: `#[warn(deprecated)]` on by default
[INFO] [stdout] 
[INFO] [stdout] 
[INFO] [stdout] warning: use of deprecated function `std::env::home_dir`: This function's behavior is unexpected and probably not what you want. Consider using a crate from crates.io instead.
[INFO] [stdout]    --> src/app/dialog.rs:140:15
[INFO] [stdout]     |
[INFO] [stdout] 140 |     let dir = home_dir()
[INFO] [stdout]     |               ^^^^^^^^
[INFO] [stdout] 
[INFO] [stdout] 
[INFO] [stdout] warning: use of deprecated function `std::env::home_dir`: This function's behavior is unexpected and probably not what you want. Consider using a crate from crates.io instead.
[INFO] [stdout]    --> src/app/dialog.rs:140:15
[INFO] [stdout]     |
[INFO] [stdout] 140 |     let dir = home_dir()
[INFO] [stdout]     |               ^^^^^^^^
[INFO] [stdout] 
[INFO] [stdout] 
[INFO] [stdout] warning: use of deprecated function `std::env::home_dir`: This function's behavior is unexpected and probably not what you want. Consider using a crate from crates.io instead.
[INFO] [stdout]   --> src/download.rs:22:16
[INFO] [stdout]    |
[INFO] [stdout] 22 | use std::env::{home_dir, temp_dir};
[INFO] [stdout]    |                ^^^^^^^^
[INFO] [stdout] 
[INFO] [stdout] 
[INFO] [stdout] warning: use of deprecated function `std::env::home_dir`: This function's behavior is unexpected and probably not what you want. Consider using a crate from crates.io instead.
[INFO] [stdout]   --> src/download.rs:22:16
[INFO] [stdout]    |
[INFO] [stdout] 22 | use std::env::{home_dir, temp_dir};
[INFO] [stdout]    |                ^^^^^^^^
[INFO] [stdout] 
[INFO] [stdout] 
[INFO] [stdout] warning: use of deprecated function `std::env::home_dir`: This function's behavior is unexpected and probably not what you want. Consider using a crate from crates.io instead.
[INFO] [stdout]   --> src/download.rs:31:18
[INFO] [stdout]    |
[INFO] [stdout] 31 |         .or_else(home_dir)
[INFO] [stdout]    |                  ^^^^^^^^
[INFO] [stdout] 
[INFO] [stdout] 
[INFO] [stdout] warning: use of deprecated function `std::env::home_dir`: This function's behavior is unexpected and probably not what you want. Consider using a crate from crates.io instead.
[INFO] [stdout]   --> src/download.rs:31:18
[INFO] [stdout]    |
[INFO] [stdout] 31 |         .or_else(home_dir)
[INFO] [stdout]    |                  ^^^^^^^^
[INFO] [stdout] 
[INFO] [stdout] 
[INFO] [stdout] error[E0599]: no variant or associated item named `Mark` found for enum `InnerMessage` in the current scope
[INFO] [stdout]    --> src/app/mod.rs:493:40
[INFO] [stdout]     |
[INFO] [stdout] 493 |         self.server_send(InnerMessage::Mark(mark));
[INFO] [stdout]     |                                        ^^^^ variant or associated item not found in `InnerMessage`
[INFO] [stdout] 
[INFO] [stdout] 
[INFO] [stdout] error[E0599]: no variant or associated item named `Mark` found for enum `InnerMessage` in the current scope
[INFO] [stdout]    --> src/app/mod.rs:493:40
[INFO] [stdout]     |
[INFO] [stdout] 493 |         self.server_send(InnerMessage::Mark(mark));
[INFO] [stdout]     |                                        ^^^^ variant or associated item not found in `InnerMessage`
[INFO] [stdout] 
[INFO] [stdout] 
[INFO] [stdout] error[E0599]: no variant or associated item named `GoToMark` found for enum `InnerMessage` in the current scope
[INFO] [stdout]    --> src/app/mod.rs:590:40
[INFO] [stdout]     |
[INFO] [stdout] 590 |         self.server_send(InnerMessage::GoToMark(mark));
[INFO] [stdout]     |                                        ^^^^^^^^ variant or associated item not found in `InnerMessage`
[INFO] [stdout] 
[INFO] [stdout] 
[INFO] [stdout] error[E0599]: no variant or associated item named `GoToMark` found for enum `InnerMessage` in the current scope
[INFO] [stdout]    --> src/app/mod.rs:590:40
[INFO] [stdout]     |
[INFO] [stdout] 590 |         self.server_send(InnerMessage::GoToMark(mark));
[INFO] [stdout]     |                                        ^^^^^^^^ variant or associated item not found in `InnerMessage`
[INFO] [stdout] 
[INFO] [stdout] 
[INFO] [stdout] warning: use of deprecated associated function `webkit2gtk::CookieManagerExt::delete_all_cookies`
[INFO] [stdout]   --> src/app/browser.rs:42:28
[INFO] [stdout]    |
[INFO] [stdout] 42 |             cookie_manager.delete_all_cookies();
[INFO] [stdout]    |                            ^^^^^^^^^^^^^^^^^^
[INFO] [stdout] 
[INFO] [stdout] 
[INFO] [stdout] warning: use of deprecated associated function `webkit2gtk::CookieManagerExt::delete_cookies_for_domain`
[INFO] [stdout]   --> src/app/browser.rs:53:28
[INFO] [stdout]    |
[INFO] [stdout] 53 |             cookie_manager.delete_cookies_for_domain(domain);
[INFO] [stdout]    |                            ^^^^^^^^^^^^^^^^^^^^^^^^^
[INFO] [stdout] 
[INFO] [stdout] 
[INFO] [stdout] warning: use of deprecated associated function `webkit2gtk::CookieManagerExt::delete_all_cookies`
[INFO] [stdout]   --> src/app/browser.rs:42:28
[INFO] [stdout]    |
[INFO] [stdout] 42 |             cookie_manager.delete_all_cookies();
[INFO] [stdout]    |                            ^^^^^^^^^^^^^^^^^^
[INFO] [stdout] 
[INFO] [stdout] 
[INFO] [stdout] warning: use of deprecated associated function `webkit2gtk::CookieManagerExt::delete_cookies_for_domain`
[INFO] [stdout]   --> src/app/browser.rs:53:28
[INFO] [stdout]    |
[INFO] [stdout] 53 |             cookie_manager.delete_cookies_for_domain(domain);
[INFO] [stdout]    |                            ^^^^^^^^^^^^^^^^^^^^^^^^^
[INFO] [stdout] 
[INFO] [stdout] 
[INFO] [stdout] error[E0599]: no function or associated item named `new` found for struct `app::App` in the current scope
[INFO] [stdout]    --> src/app/pass_filler.rs:137:24
[INFO] [stdout]     |
[INFO] [stdout] 137 |         let app = App::new(Some(url), Some(temp_dir.path().to_str().unwrap().to_string()));
[INFO] [stdout]     |                        ^^^ function or associated item not found in `app::App`
[INFO] [stdout]     | 
[INFO] [stdout]    ::: src/app/mod.rs:250:17
[INFO] [stdout]     |
[INFO] [stdout] 250 | impl Widget for App {
[INFO] [stdout]     |                 --- function or associated item `new` not found for this
[INFO] [stdout]     |
[INFO] [stdout]     = help: items from traits can only be used if the trait is implemented and in scope
[INFO] [stdout]     = note: the following traits define an item `new`, perhaps you need to implement one of them:
[INFO] [stdout]             candidate #1: `ObjectSubclass`
[INFO] [stdout]             candidate #2: `gimli::read::lookup::PubStuffEntry`
[INFO] [stdout]             candidate #3: `UpdateNew`
[INFO] [stdout]             candidate #4: `error_chain::ChainedError`
[INFO] [stdout]             candidate #5: `rand::distributions::uniform::UniformSampler`
[INFO] [stdout] 
[INFO] [stdout] 
[INFO] [stdout] error[E0061]: this function takes 1 argument but 2 arguments were supplied
[INFO] [stdout]   --> src/app/server.rs:39:26
[INFO] [stdout]    |
[INFO] [stdout] 39 |         self.server_send(ActivateHint(mode, ctrl_key));
[INFO] [stdout]    |                          ^^^^^^^^^^^^ ----  -------- supplied 2 arguments
[INFO] [stdout]    |                          |
[INFO] [stdout]    |                          expected 1 argument
[INFO] [stdout] 
[INFO] [stdout] 
[INFO] [stdout] error[E0061]: this function takes 1 argument but 2 arguments were supplied
[INFO] [stdout]   --> src/app/server.rs:39:26
[INFO] [stdout]    |
[INFO] [stdout] 39 |         self.server_send(ActivateHint(mode, ctrl_key));
[INFO] [stdout]    |                          ^^^^^^^^^^^^ ----  -------- supplied 2 arguments
[INFO] [stdout]    |                          |
[INFO] [stdout]    |                          expected 1 argument
[INFO] [stdout] 
[INFO] [stdout] 
[INFO] [stdout] error[E0282]: type annotations needed
[INFO] [stdout]   --> src/message_server.rs:98:23
[INFO] [stdout]    |
[INFO] [stdout] 98 |             protocol: None,
[INFO] [stdout]    |                       ^^^^ cannot infer type for type parameter `T` declared on the enum `Option`
[INFO] [stdout] 
[INFO] [stdout] 
[INFO] [stdout] error[E0282]: type annotations needed
[INFO] [stdout]    --> src/message_server.rs:176:24
[INFO] [stdout]     |
[INFO] [stdout] 176 |             protocols: HashMap::new(),
[INFO] [stdout]     |                        ^^^^^^^^^^^^ cannot infer type for type parameter `K`
[INFO] [stdout] 
[INFO] [stdout] 
[INFO] [stdout] error[E0282]: type annotations needed
[INFO] [stdout]   --> src/message_server.rs:98:23
[INFO] [stdout]    |
[INFO] [stdout] 98 |             protocol: None,
[INFO] [stdout]    |                       ^^^^ cannot infer type for type parameter `T` declared on the enum `Option`
[INFO] [stdout] 
[INFO] [stdout] 
[INFO] [stdout] error[E0282]: type annotations needed
[INFO] [stdout]    --> src/message_server.rs:176:24
[INFO] [stdout]     |
[INFO] [stdout] 176 |             protocols: HashMap::new(),
[INFO] [stdout]     |                        ^^^^^^^^^^^^ cannot infer type for type parameter `K`
[INFO] [stdout] 
[INFO] [stdout] 
[INFO] [stdout] warning: use of deprecated associated function `webkit2gtk::NavigationPolicyDecisionExt::get_navigation_type`
[INFO] [stdout]    --> src/webview/mod.rs:295:51
[INFO] [stdout]     |
[INFO] [stdout] 295 |             let navigation_type = policy_decision.get_navigation_type();
[INFO] [stdout]     |                                                   ^^^^^^^^^^^^^^^^^^^
[INFO] [stdout] 
[INFO] [stdout] 
[INFO] [stdout] warning: use of deprecated associated function `webkit2gtk::NavigationPolicyDecisionExt::get_request`
[INFO] [stdout]    --> src/webview/mod.rs:297:43
[INFO] [stdout]     |
[INFO] [stdout] 297 |                 let url = policy_decision.get_request()
[INFO] [stdout]     |                                           ^^^^^^^^^^^
[INFO] [stdout] 
[INFO] [stdout] 
[INFO] [stdout] warning: use of deprecated associated function `webkit2gtk::SettingsExt::set_enable_private_browsing`
[INFO] [stdout]    --> src/webview/settings.rs:152:30
[INFO] [stdout]     |
[INFO] [stdout] 152 |                     settings.set_enable_private_browsing(value),
[INFO] [stdout]     |                              ^^^^^^^^^^^^^^^^^^^^^^^^^^^
[INFO] [stdout] 
[INFO] [stdout] 
[INFO] [stdout] warning: use of deprecated associated function `webkit2gtk::NavigationPolicyDecisionExt::get_navigation_type`
[INFO] [stdout]    --> src/webview/mod.rs:295:51
[INFO] [stdout]     |
[INFO] [stdout] 295 |             let navigation_type = policy_decision.get_navigation_type();
[INFO] [stdout]     |                                                   ^^^^^^^^^^^^^^^^^^^
[INFO] [stdout] 
[INFO] [stdout] 
[INFO] [stdout] warning: use of deprecated associated function `webkit2gtk::NavigationPolicyDecisionExt::get_request`
[INFO] [stdout]    --> src/webview/mod.rs:297:43
[INFO] [stdout]     |
[INFO] [stdout] 297 |                 let url = policy_decision.get_request()
[INFO] [stdout]     |                                           ^^^^^^^^^^^
[INFO] [stdout] 
[INFO] [stdout] 
[INFO] [stdout] error: aborting due to 15 previous errors; 13 warnings emitted
[INFO] [stdout] 
[INFO] [stdout] 
[INFO] [stdout] Some errors have detailed explanations: E0061, E0282, E0425, E0432, E0433, E0531, E0599.
[INFO] [stdout] 
[INFO] [stdout] For more information about an error, try `rustc --explain E0061`.
[INFO] [stdout] 
[INFO] [stdout] warning: use of deprecated associated function `webkit2gtk::SettingsExt::set_enable_private_browsing`
[INFO] [stdout]    --> src/webview/settings.rs:152:30
[INFO] [stdout]     |
[INFO] [stdout] 152 |                     settings.set_enable_private_browsing(value),
[INFO] [stdout]     |                              ^^^^^^^^^^^^^^^^^^^^^^^^^^^
[INFO] [stdout] 
[INFO] [stdout] 
[INFO] [stderr] error: could not compile `titanium`.
[INFO] [stderr] 
[INFO] [stderr] To learn more, run the command again with --verbose.
[INFO] [stderr] warning: build failed, waiting for other jobs to finish...
[INFO] [stdout] error: aborting due to 16 previous errors; 14 warnings emitted
[INFO] [stdout] 
[INFO] [stdout] 
[INFO] [stdout] Some errors have detailed explanations: E0061, E0282, E0425, E0432, E0433, E0531, E0599.
[INFO] [stdout] 
[INFO] [stdout] For more information about an error, try `rustc --explain E0061`.
[INFO] [stdout] 
[INFO] [stderr] error: build failed
[INFO] running `Command { std: "docker" "inspect" "32d1ae2269d83d012a4fed2aaf9724396f5f07fa86907d31d505d4929424381f", kill_on_drop: false }`
[INFO] running `Command { std: "docker" "rm" "-f" "32d1ae2269d83d012a4fed2aaf9724396f5f07fa86907d31d505d4929424381f", kill_on_drop: false }`
[INFO] [stdout] 32d1ae2269d83d012a4fed2aaf9724396f5f07fa86907d31d505d4929424381f
